- 5*n(t). Let y be c(-8). Calculate the greatest common factor of 98 and y.
14
Let d(a) = a**3 + 21*a**2 + 72*a - 46. Let f be d(-11). Calculate the highest common divisor of f and 48.
12
Suppose -5*i - 2*a + 530 = 0, -2*i + 206 = 87*a - 85*a. Let h(z) = -14*z - 1. Let c be h(-2). What is the highest common factor of i and c?
27
Suppose 0 = 5*i - 5*r - 55, 4*r + 2 = 6*i - 5*i. Suppose s - 4*n = 142, s + 0*n - 138 = 3*n. Calculate the highest common factor of i and s.
14
Suppose z - 3*z = -6, -3*z + 29 = 5*d. Let v be (-1 - -3) + d + (-12)/(-3). Calculate the highest common factor of 1 and v.
1
Let o(a) = 29*a + 19. Let c be o(1). Calculate the highest common divisor of c and 96.
48
Suppose 28 - 8 = 5*u. Suppose -u*h + 113 = 5*o, o - 48 = -o - 3*h. Calculate the greatest common divisor of o and 3.
3
Let i = -66 + 138. Suppose 2*j - 3*k = 49 - 15, -i = -5*j + k. Let o = -486 - -528. Calculate the highest common factor of j and o.
14
Let w(g) = -15*g**3 - g**2 - 3*g - 3. Let z be w(-2). Let y be (14 - 1) + 9 + -5. What is the highest common factor of y and z?
17
Let h be 6/(-14) - 380/(-70). Suppose -4*b = b. Suppose 5*a = -5*c + 195, b = c - 4*c - 2*a + 118. Calculate the greatest common factor of c and h.
5
Suppose 4*p - 11 - 1 = 0. Let y(d) = d**p + 0 + 3*d**2 - 6*d - 4 + 3*d**2. Let c be y(-6). Calculate the greatest common divisor of c and 16.
16
Suppose -135 = 2*m - 207. What is the greatest common divisor of m and 45?
9
Let f = 5 + -18. Let n = -10 - f. Calculate the greatest common divisor of n and 9.
3
Suppose 0 = -8*v + 7*v + 30. Let a = 76 - 1. What is the highest common divisor of v and a?
15
Let i = -259 + 182. Let o be ((-234)/28 + 11/i)*-2. Let z = 107 - -46. What is the highest common factor of z and o?
17
Let d(l) = l**3 - 3*l**2 + 6*l - 7. Let y be d(2). Let w be (-9)/((-13)/10 + y). What is the highest common divisor of 210 and w?
30
Suppose -3*n + 126 = n - 2*v, -4*v = 3*n - 111. Calculate the greatest common divisor of 44 and n.
11
Let s = 611 - 539. Calculate the highest common factor of 90 and s.
18
Suppose -62 = -3*q + b + 26, -3*b = 3*q - 96. Suppose -5*i + 15 = 0, -5*n - 285 = -7*n + 5*i. What is the greatest common divisor of n and q?
30
Suppose r + 76 = 3*r - 4*d, -3*r = -d - 99. What is the greatest common divisor of 28 and r?
4
Suppose m - 2 = 33. Suppose m*i = 31*i + 144. Calculate the highest common factor of 252 and i.
36
Let g = -62 - -20. Let d be (448/g)/(2/(-3)). Let u = d - 8. Calculate the greatest common factor of 88 and u.
8
Let q(t) = -98*t - 497. Let n be q(-7). Calculate the greatest common factor of n and 21.
21
Suppose 2*v - 26 = -5*p - 5, 0 = 3*v + 3*p - 27. What is the greatest common factor of 1128 and v?
8
Let t = 187 - 37. Suppose 59 = 2*u - n, -48 = -3*u - n + 43. What is the greatest common divisor of t and u?
30
Let n(f) = f + 85. Let v be n(-13). Calculate the highest common divisor of 36 and v.
36
Suppose 2*z - 204 = -4*w, 4*z + 5*w + 81 = 5*z. Let u be 32*-2*(-2)/4. Calculate the greatest common divisor of u and z.
32
Let y(s) = -4*s - 4. Suppose -p - 3*p + 3*b = -1, 5*p = 4*b. Let m be y(p). Let w = 68 + m. What is the highest common factor of 32 and w?
16
Let a = 6 - -17. Suppose 2 - 94 = -4*u. Calculate the greatest common divisor of u and a.
23
Let j(o) = 4*o - 18. Let d be j(5). Let n be 2 + (-125)/((-10)/d). Calculate the highest common factor of 216 and n.
27
Let h(t) = 23*t + 3. Let z be h(2). What is the greatest common factor of 14 and z?
7
Suppose 28 = 5*u + 3. Let y = 9 + -8. Suppose 3*r - y = 2. What is the greatest common factor of u and r?
1
Let o be 4/(-6) - (-69)/9. What is the greatest common divisor of 413 and o?
7
Let x be (-36)/486 - (-2112)/81. Calculate the greatest common factor of 234 and x.
26
Let v be (3/(1*-1))/(-1). Let j(m) = -m**2 + 46*m - 361. Let f be j(35). What is the highest common divisor of f and v?
3
Let z(m) = m + 10. Let p be z(-6). Suppose 3*c = -5*i + 46, -p*i + 2*c = -3 - 25. Suppose 2*l - 26 = i. Calculate the highest common divisor of l and 34.
17
Suppose 3*o - 5*o = -16. Suppose -4*v = -4*d + 12, 4*d + 0*d - 5*v - o = 0. Let g = 3332 + -3283. What is the greatest common factor of d and g?
7
Let y = -16 + 16. Let g be (-2 + 1)/(10/(-290)). Suppose y = 3*a - 22 - g. Calculate the highest common factor of 187 and a.
17
Suppose -w + 1 = -5*w - o, 4*o + 4 = -2*w. Let t(f) = -2 + w + f**2 + 1 + 6*f + 2. Let p be t(-7). Calculate the highest common factor of 20 and p.
4
Let t(m) = -10*m - 373. Let x be t(-49). What is the highest common divisor of 13 and x?
13
Let x(f) = 8*f - 173. Let q be x(23). What is the greatest common factor of q and 1?
1
Let u(d) = 11*d**2. Let m be (4/4)/(1 + -2). Let v be u(m). What is the highest common divisor of 22 and v?
11
Let d = 291 + -196. Suppose 5*g + 5*m - 3*m = 91, g - 21 = m. What is the greatest common divisor of d and g?
19
Let c be (-1296)/(-60) - 3/5. Let w(f) = c*f - 21 - 2*f**2 + f**2 - 6. Let z be w(18). Calculate the greatest common factor of z and 3.
3
Suppose -8*m + 4*m + 264 = 0. Let l be (-1)/((-4)/6)*968/m. What is the greatest common factor of l and 11?
11
Suppose -q + 5*n - 20 = 0, q - 5*n + 20 = 3*q. Suppose -5*f + 232 + 43 = q. Calculate the greatest common factor of 22 and f.
11
Suppose 0 = -3*j - 4*v + 88, 0 = j - 3*v + 9 - 21. Let k be (-2 + 75/(-6))*-34. Let u = -301 + k. What is the greatest common factor of j and u?
24
Let z(y) = y**2 - 3*y + 7. Let d be z(5). Let x = 17 - d. Suppose -4*b + 3*m = -17, x*b = 2*b + 3*m - 13. What is the highest common divisor of 10 and b?
5
Let z = 5 + -1. Suppose -2*n + 4*n - 4*c = 18, 5*n - 33 = z*c. Let k(f) = 4*f**2 - 9*f - 8. Let y be k(-3). Calculate the greatest common factor of y and n.
5
Suppose -3303 - 2497 = -4*n. Calculate the highest common factor of 50 and n.
50
Suppose 7*w - 18*w = -605. Calculate the greatest common factor of 88 and w.
11
Let z be -2*(-17)/((-170)/(-1575)). What is the greatest common factor of 225 and z?
45
Suppose 340 = 4*f + 5*r, 5*f - 7*r = -4*r + 462. Calculate the highest common divisor of f and 10.
10
Let d(b) = 10*b. Let p be d(2). Suppose -4*z - 12 = -8*z. Suppose 560 = z*i + i. Calculate the highest common factor of p and i.
20
Suppose -2*c + 3*p = 2*c + 20, 0 = 2*p - 8. Let u be (-10)/(-4) - c/(-4). Suppose 5*t = t - 5*g + 12, u*g = 0. What is the greatest common factor of 15 and t?
3
Let l = 217 - 102. Suppose 361 = 4*x - l. Let q be 2/(8/(-17))*-4. Calculate the greatest common factor of x and q.
17
Suppose 473*z = 478*z - 105. What is the greatest common divisor of 21 and z?
21
Let a = 1 - -7. Let w(q) = -q + 18. Let m be w(15). Suppose m*l - 9*l = -192. What is the greatest common factor of a and l?
8
Suppose -z + 4*z + 4*v - 169 = 0, -z = 4*v - 43. Calculate the highest common factor of z and 243.
9
Let i be (-178)/1602 - 181/(-9). What is the highest common divisor of i and 195?
5
Suppose -39*y + 44*y - 116 = 3*w, 0 = -2*w - 4. What is the greatest common divisor of y and 451?
11
Suppose -1608 + 2016 = 4*x. Calculate the greatest common divisor of 6 and x.
6
Suppose 3*i - 63 = -3*r, 5*r + 8*i - 4*i = 101. What is the highest common divisor of 187 and r?
17
Let p(g) = 15*g**2 + 7*g + 10. Suppose 3*b = -4 - 2. Let y be p(b). Calculate the greatest common factor of y and 140.
28
Suppose 0*z + 2*k - 56 = -2*z, 5*z = 2*k + 119. Calculate the greatest common divisor of z and 55.
5
Let h(g) = -4*g - 4. Let z be h(-2). Suppose -5 = -4*x + x - z*c, 5*x - 2*c = 17. Let k be (1 + x/(-6))*40. Calculate the greatest common factor of 4 and k.
4
Let r be ((-420)/5)/(-6)*1. What is the highest common factor of r and 14?
14
Let v be -1 + 44 + -3 + 0. Suppose 3*n - 4*n = -v. Suppose 3*p = 5*f - 1591, f + 3*p - 1289 = -3*f. Calculate the highest common divisor of f and n.
40
Let z(l) = l**3 + 33*l**2 - 37*l - 92. Let v be z(-34). What is the greatest common divisor of v and 355?
5
Let f(r) = r**2 - 72. Let y be f(11). What is the greatest common divisor of 833 and y?
49
Let u = 22 - -47. Suppose 0*j - 3*j + u = 0. What is the greatest common divisor of 184 and j?
23
Suppose 0 = 2*d + 82 - 14. Let u be d*(-2)/(-4) + -1. Let w = 21 + u. Calculate the greatest common factor of 6 and w.
3
Suppose -3*f = 807 - 843. Let q be (-1